3473401 a composite number?
False
Is 136697567 a prime number?
False
Is 115992497 composite?
False
Is 594227 composite?
False
Is 2016757 a prime number?
False
Is 89897389 a prime number?
True
Is 18323491 a composite number?
True
Is 28157707 composite?
False
Is 78246353 a prime number?
False
Is 4324279 a prime number?
True
Is 53491049 composite?
False
Is 8981249 prime?
True
Is 844154209 a prime number?
True
Is 11621497 a prime number?
False
Is 19591051 prime?
True
Is 15212731 a composite number?
True
Is 1181885 composite?
True
Is 354323559 a prime number?
False
Is 243888209 composite?
False
Is 233856923 prime?
False
Is 28443307 a composite number?
False
Is 48085963 a prime number?
True
Is 33321581 composite?
True
Is 459036463 composite?
True
Is 60610699 a prime number?
False
Is 745517 a composite number?
False
Is 1648733 a composite number?
True
Is 240457999 composite?
False
Is 2655161 prime?
False
Is 1683809 a prime number?
False
Is 49041677 composite?
False
Is 116168365 prime?
False
Is 34401539 composite?
False
Is 21873749 a composite number?
True
Is 4946989 composite?
False
Is 16933237 composite?
True
Is 9867521 prime?
True
Is 5162459 a prime number?
True
Is 86542327 a composite number?
False
Is 67495529 a composite number?
True
Is 14407493 prime?
True
Is 15262997 prime?
True
Is 1484281 composite?
False
Is 9362081 a prime number?
False
Is 110054443 a composite number?
False
Is 47047271 composite?
False
Is 549957169 composite?
False
Is 8663131 a composite number?
True
Is 28168267 prime?
True
Is 3174077 prime?
False
Is 393906155 prime?
False
Is 7456039 a composite number?
False
Is 6850717 a prime number?
False
Is 820543 composite?
True
Is 11499511 composite?
True
Is 4578523 composite?
True
Is 2114879 a prime number?
False
Is 98036581 prime?
True
Is 17115691 composite?
False
Is 689917 a composite number?
False
Is 71912629 a prime number?
True
Is 178109 prime?
False
Is 104299163 a prime number?
True
Is 574219 composite?
False
Is 11774869 composite?
False
Is 3580879 prime?
False
Is 16605851 composite?
False
Is 29251153 a composite number?
False
Is 363829 composite?
False
Is 88073321 composite?
True
Is 9064801 a composite number?
False
Is 210290833 a composite number?
True
Is 6084409 prime?
True
Is 46243 composite?
True
Is 11069873 a composite number?
True
Is 13391237 a prime number?
True
Is 176367439 a composite number?
True
Is 36940367 a prime number?
False
Is 55847 a composite number?
True
Is 9629959 a prime number?
True
Is 5987789 composite?
False
Is 2428703 composite?
False
Is 34284497 a composite number?
True
Is 212101 prime?
False
Is 44298146 prime?
False
Is 7202201 composite?
False
Is 13164187 prime?
True
Is 1554073 a prime number?
True
Is 233477519 a composite number?
True
Is 4284161 prime?
False
Is 36524087 a prime number?
False
Is 660069767 a prime number?
False
Is 97013561 a prime number?
False
Is 417505138 prime?
False
Is 19415023 a composite number?
True
Is 1250687 a prime number?
False
Is 108231569 prime?
True
Is 503423 a prime number?
True
Is 647682571 composite?
False
Is 3466207 a composite number?
True
Is 8742151 prime?
False
Is 9837437 a prime number?
False
Is 425605 composite?
True
Is 317283 composite?
True
Is 486341 composite?
False
Is 7801679 a composite number?
False
Is 3912322 a composite number?
True
Is 3435655 a composite number?
True
Is 20645083 prime?
True
Is 2645707 prime?
False
Is 77083069 a prime number?
False
Is 5261 prime?
True
Is 1639957 a prime number?
False
Is 54097801 prime?
True
Is 4248293 a composite number?
True
Is 1289459 a composite number?
False
Is 2881477 prime?
False
Is 1741231 prime?
True
Is 10740547 a prime number?
True
Is 7480673 prime?
True
Is 206422481 prime?
True
Is 421467427 prime?
True
Is 177544111 composite?
False
Is 16737587 a composite number?
False
Is 3191849 prime?
True
Is 144560609 a prime number?
False
Is 9572491 a prime number?
False
Is 3993755 a composite number?
True
Is 115082351 prime?
False
Is 2868851 prime?
True
Is 53036627 prime?
False
Is 4927231 a prime number?
True
Is 664900727 prime?
True
Is 82070093 composite?
True
Is 33331877 a composite number?
True
Is 6098111 composite?
True
Is 334885 composite?
True
Is 625343 prime?
True
Is 1050641 composite?
True
Is 11245757 a prime number?
True
Is 4418881 a prime number?
True
Is 18864811 a prime number?
False
Is 25202357 a composite number?
False
Is 13544303 a composite number?
True
Is 396284879 composite?
True
Is 145499 a prime number?
False
Is 13315741 a composite number?
False
Is 9808987 a composite number?
False
Is 18606737 a prime number?
False
Is 24945769 a prime number?
False
Is 3092447 composite?
False
Is 8854619 a composite number?
True
Is 121687349 prime?
False
Is 746057 prime?
False
Is 22785181 a prime number?
True
Is 51930611 a prime number?
False
Is 61955237 a composite number?
False
Is 245639473 prime?
True
Is 86500919 a composite number?
False
Is 13041661 composite?
False
Is 28572301 a composite number?
False
Is 33968269 prime?
True
Is 101624203 a composite number?
False
Is 397399 composite?
True
Is 5581139 composite?
True
Is 1833001 a composite number?
False
Is 1810456127 a composite number?
False
Is 45895823 prime?
False
Is 5695721 a prime number?
True
Is 22081751 a composite number?
False
Is 7848299 a composite number?
True
Is 114859247 composite?
True
Is 3979133 composite?
False
Is 89060167 prime?
False
Is 53260343 prime?
False
Is 16472803 prime?
True
Is 199566761 composite?
False
Is 15966919 a prime number?
True
Is 5019331 a composite number?
False
Is 906307 a prime number?
False
Is 2279217 a prime number?
False
Is 1007341 a composite number?
True
Is 13196441 a prime number?
True
Is 5758411 composite?
False
Is 384790921 a composite number?
False
Is 25055818 a composite number?
True
Is 21223822 a composite number?
True
Is 59754113 prime?
True
Is 21412789 a composite number?
False
Is 22896913 a composite number?
True
Is 922853 a composite number?
False
Is 9137077 prime?
True
Is 988373 a composite number?
True
Is 134451593 prime?
False
Is 2281429 composite?
False
Is 3752299 composite?
False
Is 71008087 a composite number?
True
Is 324118637 a prime number?
True
Is 78015979 a composite number?
False
Is 1584833 composite?
True
Is 134536783 a prime number?
False
Is 748133 prime?
True
Is 1601483 composite?
True
Is 222701771 prime?
False
Is 1722241 composite?
False
Is 9233583 prime?
False
Is 3509731 composite?
True
Is 3571369 a composite number?
False
Is 1071479 a prime number?
True
Is 31181941 a composite number?
True
Is 153637997 composite?
False
Is 9694129 a composite number?
True
Is 1199309 a prime number?
True
Is 4683191 composite?
True
Is 2047729 composite?
False
Is 77389883 a composite number?
False
Is 395805521 a composite number?
False
Is 173825809 a prime number?
False
Is 915499 prime?
False
Is 1603793 composite?
False
Is 31474549 prime?
True
Is 4819877 composite?
True
Is 61860133 prime?
False
Is 1644413 composite?
False
Is 491707 composite?
False
Is 15489527 prime?
False
Is 30975061 a composite number?
True
Is 6586409 composite?
True
Is 436934759 a composite number?
False
Is 1466009 composite?
True
Is 270287783 composite?
True
Is 49549691 a composite number?
True
Is 27251783 composite?
True
Is 298987001 a composite number?
False
Is 422118995 a prime number?
False
Is 3898991 a composite number?
False
Is 3664957 a prime number?
True
Is 160007 a composite number?
True
Is 47936927 a prime number?
True
Is 3031286 composite?
True
Is 16940678 prime?
False
Is 181537 a prime number?
True
Is 56083091 a prime number?
True
Is 452777299 a composite number?
True
Is 4197581 prime?
False
Is 17866531 composite?
True
Is 162986051 a prime number?
True
Is 3743959 a prime number?
True
Is 2218745 a composite number?
True
Is 66371887 a prime number?
False
Is 17499347 a composite number?
False
Is 6031409 a composite number?
False
Is 4248341 a composite number?
True
Is 20193931 prime?
False
Is 2440643 prime?
True
Is 67692893 prime?
True
Is 1709593 a composite number?
False
Is 19134803 prime?
True
Is 2624333 prime?
False
Is 35486399 composite?
True
Is 11050801 composite?
False
Is 166247 a composite number?
False
Is 8094959 a composite number?
True
Is 2786969 prime?
True
Is 4337579 prime?
False
Is 942553 prime?
False
Is 74990647 composite